{"id":23,"date":"2025-03-18T19:10:59","date_gmt":"2025-03-18T18:10:59","guid":{"rendered":"https:\/\/sultimax.fr\/louerunsiteweb\/services\/"},"modified":"2025-03-18T19:11:38","modified_gmt":"2025-03-18T18:11:38","slug":"services","status":"publish","type":"page","link":"https:\/\/sultimax.fr\/louerunsiteweb\/services\/","title":{"rendered":"Services"},"content":{"rendered":"\n<div class=\"wp-block-uagb-container uagb-block-bd2aecc3 alignfull uagb-is-root-container\"><div class=\"uagb-container-inner-blocks-wrap\">\n<div class=\"wp-block-uagb-advanced-heading uagb-block-a54a4629\"><h1 class=\"uagb-heading-text\">Services Web Dynamiques<\/h1><\/div>\n<\/div><\/div>\n\n\n\n<div class=\"wp-block-uagb-container uagb-block-68ef1968 alignfull uagb-is-root-container\"><div class=\"uagb-container-inner-blocks-wrap\">\n<div class=\"wp-block-uagb-container uagb-block-e3422b73\">\n<div class=\"wp-block-uagb-advanced-heading uagb-block-ac9f9df4\"><h2 class=\"uagb-heading-text\">Notre Expertise<\/h2><p class=\"uagb-desc-text\">D\u00e9couvrez nos solutions compl\u00e8tes pour optimiser votre pr\u00e9sence en ligne. Chaque service est con\u00e7u pour r\u00e9pondre aux besoins sp\u00e9cifiques de nos clients.<\/p><\/div>\n\n\n\n<div class=\"wp-block-uagb-icon-list uagb-block-3802a249\"><div class=\"uagb-icon-list__wrap\">\n<div class=\"wp-block-uagb-icon-list-child uagb-block-18ec6a2b\"><span class=\"uagb-icon-list__source-wrap\"><svg xmlns=\"https:\/\/www.w3.org\/2000\/svg\" viewBox=\"0 0 512 512\"><path d=\"M0 256C0 114.6 114.6 0 256 0C397.4 0 512 114.6 512 256C512 397.4 397.4 512 256 512C114.6 512 0 397.4 0 256zM371.8 211.8C382.7 200.9 382.7 183.1 371.8 172.2C360.9 161.3 343.1 161.3 332.2 172.2L224 280.4L179.8 236.2C168.9 225.3 151.1 225.3 140.2 236.2C129.3 247.1 129.3 264.9 140.2 275.8L204.2 339.8C215.1 350.7 232.9 350.7 243.8 339.8L371.8 211.8z\"><\/path><\/svg><\/span><span class=\"uagb-icon-list__label\">Location de site<\/span><\/div>\n\n\n\n<div class=\"wp-block-uagb-icon-list-child uagb-block-ba3592f0\"><span class=\"uagb-icon-list__source-wrap\"><svg xmlns=\"https:\/\/www.w3.org\/2000\/svg\" viewBox=\"0 0 512 512\"><path d=\"M0 256C0 114.6 114.6 0 256 0C397.4 0 512 114.6 512 256C512 397.4 397.4 512 256 512C114.6 512 0 397.4 0 256zM371.8 211.8C382.7 200.9 382.7 183.1 371.8 172.2C360.9 161.3 343.1 161.3 332.2 172.2L224 280.4L179.8 236.2C168.9 225.3 151.1 225.3 140.2 236.2C129.3 247.1 129.3 264.9 140.2 275.8L204.2 339.8C215.1 350.7 232.9 350.7 243.8 339.8L371.8 211.8z\"><\/path><\/svg><\/span><span class=\"uagb-icon-list__label\">Tunnels de vente<\/span><\/div>\n\n\n\n<div class=\"wp-block-uagb-icon-list-child uagb-block-a3b49479\"><span class=\"uagb-icon-list__source-wrap\"><svg xmlns=\"https:\/\/www.w3.org\/2000\/svg\" viewBox=\"0 0 512 512\"><path d=\"M0 256C0 114.6 114.6 0 256 0C397.4 0 512 114.6 512 256C512 397.4 397.4 512 256 512C114.6 512 0 397.4 0 256zM371.8 211.8C382.7 200.9 382.7 183.1 371.8 172.2C360.9 161.3 343.1 161.3 332.2 172.2L224 280.4L179.8 236.2C168.9 225.3 151.1 225.3 140.2 236.2C129.3 247.1 129.3 264.9 140.2 275.8L204.2 339.8C215.1 350.7 232.9 350.7 243.8 339.8L371.8 211.8z\"><\/path><\/svg><\/span><span class=\"uagb-icon-list__label\">Conception sur mesure<\/span><\/div>\n\n\n\n<div class=\"wp-block-uagb-icon-list-child uagb-block-9b90f3d7\"><span class=\"uagb-icon-list__source-wrap\"><svg xmlns=\"https:\/\/www.w3.org\/2000\/svg\" viewBox=\"0 0 512 512\"><path d=\"M0 256C0 114.6 114.6 0 256 0C397.4 0 512 114.6 512 256C512 397.4 397.4 512 256 512C114.6 512 0 397.4 0 256zM371.8 211.8C382.7 200.9 382.7 183.1 371.8 172.2C360.9 161.3 343.1 161.3 332.2 172.2L224 280.4L179.8 236.2C168.9 225.3 151.1 225.3 140.2 236.2C129.3 247.1 129.3 264.9 140.2 275.8L204.2 339.8C215.1 350.7 232.9 350.7 243.8 339.8L371.8 211.8z\"><\/path><\/svg><\/span><span class=\"uagb-icon-list__label\">Support personnalis\u00e9<\/span><\/div>\n<\/div><\/div>\n<\/div>\n\n\n\n<div class=\"wp-block-uagb-image alignright uagb-block-32d428fd wp-block-uagb-image--layout-default wp-block-uagb-image--effect-static wp-block-uagb-image--align-right\"><figure class=\"wp-block-uagb-image__figure\"><img srcset=\"https:\/\/sultimax.fr\/louerunsiteweb\/wp-content\/uploads\/2023\/08\/services.jpg ,https:\/\/sultimax.fr\/louerunsiteweb\/wp-content\/uploads\/2023\/08\/services.jpg 780w\" sizes=\"auto, (max-width: 480px) 150px\"  alt=\"\" class=\"uag-image-76 lws-optimize-lazyload\" width=\"552\" height=\"420\" title=\"\" loading=\"lazy\" role=\"img\"\/ data-src=\"https:\/\/sultimax.fr\/louerunsiteweb\/wp-content\/uploads\/2023\/08\/services.jpg\"><\/figure><\/div>\n<\/div><\/div>\n\n\n\n<div class=\"wp-block-uagb-container uagb-block-61102a38 alignfull uagb-is-root-container\"><div class=\"uagb-container-inner-blocks-wrap\">\n<div class=\"wp-block-uagb-advanced-heading uagb-block-c8026e2a\"><h2 class=\"uagb-heading-text\">Services Offerts par Louerunsiteweb<\/h2><p class=\"uagb-desc-text\">Explorez notre gamme vari\u00e9e de services. Con\u00e7us pour am\u00e9liorer votre succ\u00e8s en ligne.<\/p><\/div>\n\n\n\n<div class=\"wp-block-uagb-container uagb-block-3480fbeb\">\n<div class=\"wp-block-uagb-container uagb-block-a2bc498d\">\n<div class=\"wp-block-uagb-image aligncenter uagb-block-c12077c9 wp-block-uagb-image--layout-default wp-block-uagb-image--effect-static wp-block-uagb-image--align-center\"><figure class=\"wp-block-uagb-image__figure\"><img srcset=\"https:\/\/sultimax.fr\/louerunsiteweb\/wp-content\/uploads\/2023\/08\/services-01.jpg ,https:\/\/sultimax.fr\/louerunsiteweb\/wp-content\/uploads\/2023\/08\/services-01.jpg 780w\" sizes=\"auto, (max-width: 480px) 150px\"  alt=\"\" class=\"uag-image-71 lws-optimize-lazyload\" width=\"560\" height=\"340\" title=\"\" loading=\"lazy\" role=\"img\"\/ data-src=\"https:\/\/sultimax.fr\/louerunsiteweb\/wp-content\/uploads\/2023\/08\/services-01.jpg\"><\/figure><\/div>\n\n\n\n<div class=\"wp-block-uagb-container uagb-block-c40cc15c\">\n<div class=\"wp-block-uagb-info-box uagb-block-d130204b uagb-infobox__content-wrap  uagb-infobox-icon-above-title uagb-infobox-image-valign-top\"><div class=\"uagb-ifb-content\"><div class=\"uagb-ifb-title-wrap\"><h3 class=\"uagb-ifb-title\">Location de site<\/h3><\/div><p class=\"uagb-ifb-desc\">Nous proposons des sites web \u00e0 la location, cl\u00e9s en main, adapt\u00e9s \u00e0 votre secteur d&rsquo;activit\u00e9. Faciles \u00e0 g\u00e9rer, ils boostent votre visibilit\u00e9 en ligne.<\/p><\/div><\/div>\n<\/div>\n<\/div>\n\n\n\n<div class=\"wp-block-uagb-container uagb-block-dc20be5b\">\n<div class=\"wp-block-uagb-image aligncenter uagb-block-6b3eb127 wp-block-uagb-image--layout-default wp-block-uagb-image--effect-static wp-block-uagb-image--align-center\"><figure class=\"wp-block-uagb-image__figure\"><img srcset=\"https:\/\/sultimax.fr\/louerunsiteweb\/wp-content\/uploads\/2023\/08\/services-02.jpg ,https:\/\/sultimax.fr\/louerunsiteweb\/wp-content\/uploads\/2023\/08\/services-02.jpg 780w, https:\/\/sultimax.fr\/louerunsiteweb\/wp-content\/uploads\/2023\/08\/services-02.jpg 360w\" sizes=\"auto, (max-width: 480px) 150px\"  alt=\"\" class=\"uag-image-72 lws-optimize-lazyload\" width=\"560\" height=\"340\" title=\"\" loading=\"lazy\" role=\"img\"\/ data-src=\"https:\/\/sultimax.fr\/louerunsiteweb\/wp-content\/uploads\/2023\/08\/services-02.jpg\"><\/figure><\/div>\n\n\n\n<div class=\"wp-block-uagb-container uagb-block-c89182f6\">\n<div class=\"wp-block-uagb-info-box uagb-block-3f17982b uagb-infobox__content-wrap  uagb-infobox-icon-above-title uagb-infobox-image-valign-top\"><div class=\"uagb-ifb-content\"><div class=\"uagb-ifb-title-wrap\"><h3 class=\"uagb-ifb-title\">Tunnels de vente<\/h3><\/div><p class=\"uagb-ifb-desc\">Cr\u00e9ez des tunnels de vente efficaces qui maximisent vos conversions. Nos designs optimis\u00e9s garantissent un parcours client fluide et engageant.<\/p><\/div><\/div>\n<\/div>\n<\/div>\n\n\n\n<div class=\"wp-block-uagb-container uagb-block-1ca9a492\">\n<div class=\"wp-block-uagb-image aligncenter uagb-block-21c77ac7 wp-block-uagb-image--layout-default wp-block-uagb-image--effect-static wp-block-uagb-image--align-center\"><figure class=\"wp-block-uagb-image__figure\"><img srcset=\"https:\/\/sultimax.fr\/louerunsiteweb\/wp-content\/uploads\/2023\/08\/services-03.jpg ,https:\/\/sultimax.fr\/louerunsiteweb\/wp-content\/uploads\/2023\/08\/services-03.jpg 780w, https:\/\/sultimax.fr\/louerunsiteweb\/wp-content\/uploads\/2023\/08\/services-03.jpg 360w\" sizes=\"auto, (max-width: 480px) 150px\"  alt=\"\" class=\"uag-image-73 lws-optimize-lazyload\" width=\"560\" height=\"340\" title=\"\" loading=\"lazy\" role=\"img\"\/ data-src=\"https:\/\/sultimax.fr\/louerunsiteweb\/wp-content\/uploads\/2023\/08\/services-03.jpg\"><\/figure><\/div>\n\n\n\n<div class=\"wp-block-uagb-container uagb-block-3351f1b2\">\n<div class=\"wp-block-uagb-info-box uagb-block-9df4da02 uagb-infobox__content-wrap  uagb-infobox-icon-above-title uagb-infobox-image-valign-top\"><div class=\"uagb-ifb-content\"><div class=\"uagb-ifb-title-wrap\"><h3 class=\"uagb-ifb-title\">Conception sur mesure<\/h3><\/div><p class=\"uagb-ifb-desc\">Nos \u00e9quipes con\u00e7oivent des sites web uniques, r\u00e9pondant sp\u00e9cifiquement \u00e0 vos besoins. Chaque projet refl\u00e8te votre image de marque et attire votre audience.<\/p><\/div><\/div>\n<\/div>\n<\/div>\n\n\n\n<div class=\"wp-block-uagb-container uagb-block-ec6246bc\">\n<div class=\"wp-block-uagb-image aligncenter uagb-block-17fe79ff wp-block-uagb-image--layout-default wp-block-uagb-image--effect-static wp-block-uagb-image--align-center\"><figure class=\"wp-block-uagb-image__figure\"><img srcset=\"https:\/\/sultimax.fr\/louerunsiteweb\/wp-content\/uploads\/2023\/08\/services-04.jpg ,https:\/\/sultimax.fr\/louerunsiteweb\/wp-content\/uploads\/2023\/08\/services-04.jpg 780w, https:\/\/sultimax.fr\/louerunsiteweb\/wp-content\/uploads\/2023\/08\/services-04.jpg 360w\" sizes=\"auto, (max-width: 480px) 150px\"  alt=\"\" class=\"uag-image-74 lws-optimize-lazyload\" width=\"560\" height=\"340\" title=\"\" loading=\"lazy\" role=\"img\"\/ data-src=\"https:\/\/sultimax.fr\/louerunsiteweb\/wp-content\/uploads\/2023\/08\/services-04.jpg\"><\/figure><\/div>\n\n\n\n<div class=\"wp-block-uagb-container uagb-block-b058a92f\">\n<div class=\"wp-block-uagb-info-box uagb-block-b2b64b40 uagb-infobox__content-wrap  uagb-infobox-icon-above-title uagb-infobox-image-valign-top\"><div class=\"uagb-ifb-content\"><div class=\"uagb-ifb-title-wrap\"><h3 class=\"uagb-ifb-title\">Support personnalis\u00e9<\/h3><\/div><p class=\"uagb-ifb-desc\">B\u00e9n\u00e9ficiez d&rsquo;un service d&rsquo;assistance d\u00e9di\u00e9, pr\u00eat \u00e0 r\u00e9pondre \u00e0 toutes vos questions. Nous sommes l\u00e0 pour vous accompagner \u00e0 chaque \u00e9tape de votre projet.<\/p><\/div><\/div>\n<\/div>\n<\/div>\n\n\n\n<div class=\"wp-block-uagb-container uagb-block-7a440a9d\">\n<div class=\"wp-block-uagb-image aligncenter uagb-block-cb7802dd wp-block-uagb-image--layout-default wp-block-uagb-image--effect-static wp-block-uagb-image--align-center\"><figure class=\"wp-block-uagb-image__figure\"><img srcset=\"https:\/\/sultimax.fr\/louerunsiteweb\/wp-content\/uploads\/2023\/08\/services-05.jpg ,https:\/\/sultimax.fr\/louerunsiteweb\/wp-content\/uploads\/2023\/08\/services-05.jpg 780w, https:\/\/sultimax.fr\/louerunsiteweb\/wp-content\/uploads\/2023\/08\/services-05.jpg 360w\" sizes=\"auto, (max-width: 480px) 150px\"  alt=\"\" class=\"uag-image-141 lws-optimize-lazyload\" width=\"560\" height=\"340\" title=\"\" loading=\"lazy\" role=\"img\"\/ data-src=\"https:\/\/sultimax.fr\/louerunsiteweb\/wp-content\/uploads\/2023\/08\/services-05.jpg\"><\/figure><\/div>\n\n\n\n<div class=\"wp-block-uagb-container uagb-block-5de69de3\">\n<div class=\"wp-block-uagb-info-box uagb-block-ea4375c8 uagb-infobox__content-wrap  uagb-infobox-icon-above-title uagb-infobox-image-valign-top\"><div class=\"uagb-ifb-content\"><div class=\"uagb-ifb-title-wrap\"><h3 class=\"uagb-ifb-title\">Optimisation SEO<\/h3><\/div><p class=\"uagb-ifb-desc\">Nous vous aidons \u00e0 am\u00e9liorer votre visibilit\u00e9 sur les moteurs de recherche gr\u00e2ce \u00e0 nos strat\u00e9gies d&rsquo;optimisation SEO avanc\u00e9es. Augmentez votre trafic organique.<\/p><\/div><\/div>\n<\/div>\n<\/div>\n\n\n\n<div class=\"wp-block-uagb-container uagb-block-94039893\">\n<div class=\"wp-block-uagb-image aligncenter uagb-block-09c8b131 wp-block-uagb-image--layout-default wp-block-uagb-image--effect-static wp-block-uagb-image--align-center\"><figure class=\"wp-block-uagb-image__figure\"><img srcset=\"https:\/\/sultimax.fr\/louerunsiteweb\/wp-content\/uploads\/2023\/08\/services-06.jpg ,https:\/\/sultimax.fr\/louerunsiteweb\/wp-content\/uploads\/2023\/08\/services-06.jpg 780w, https:\/\/sultimax.fr\/louerunsiteweb\/wp-content\/uploads\/2023\/08\/services-06.jpg 360w\" sizes=\"auto, (max-width: 480px) 150px\"  alt=\"\" class=\"uag-image-140 lws-optimize-lazyload\" width=\"560\" height=\"340\" title=\"\" loading=\"lazy\" role=\"img\"\/ data-src=\"https:\/\/sultimax.fr\/louerunsiteweb\/wp-content\/uploads\/2023\/08\/services-06.jpg\"><\/figure><\/div>\n\n\n\n<div class=\"wp-block-uagb-container uagb-block-a11e0cc4\">\n<div class=\"wp-block-uagb-info-box uagb-block-cf0a2506 uagb-infobox__content-wrap  uagb-infobox-icon-above-title uagb-infobox-image-valign-top\"><div class=\"uagb-ifb-content\"><div class=\"uagb-ifb-title-wrap\"><h3 class=\"uagb-ifb-title\">Marketing Digital<\/h3><\/div><p class=\"uagb-ifb-desc\">Int\u00e9grez des outils de marketing digital performants pour maximiser votre retour sur investissement. Notre approche est adapt\u00e9e \u00e0 vos besoins sp\u00e9cifiques.<\/p><\/div><\/div>\n<\/div>\n<\/div>\n<\/div>\n<\/div><\/div>\n\n\n\n<div class=\"wp-block-uagb-container uagb-block-82b28008 alignfull uagb-is-root-container\"><div class=\"uagb-container-inner-blocks-wrap\">\n<div class=\"wp-block-uagb-advanced-heading uagb-block-3a717b3e\"><div class=\"uagb-heading-text\">Pr\u00eat \u00e0 commencer ?<\/div><\/div>\n\n\n\n<div class=\"wp-block-uagb-advanced-heading uagb-block-4dabc4e6\"><h2 class=\"uagb-heading-text\">Contactez-nous pour plus d&rsquo;informations<\/h2><\/div>\n\n\n\n<div class=\"wp-block-uagb-buttons uagb-buttons__outer-wrap uagb-btn__default-btn uagb-btn-tablet__default-btn uagb-btn-mobile__default-btn uagb-block-e801ecf0\"><div class=\"uagb-buttons__wrap uagb-buttons-layout-wrap \">\n<div class=\"wp-block-uagb-buttons-child uagb-buttons__outer-wrap uagb-block-830c34e1 wp-block-button\"><div class=\"uagb-button__wrapper\"><a class=\"uagb-buttons-repeater wp-block-button__link\" aria-label=\"\" href=\"\/louerunsiteweb\/contact\/\" rel=\"follow noopener\" target=\"_self\" role=\"button\"><div class=\"uagb-button__link\">Obtenez une consultation<\/div><\/a><\/div><\/div>\n<\/div><\/div>\n\n\n\n<div class=\"wp-block-uagb-advanced-heading uagb-block-9cf0204c\"><div class=\"uagb-separator\"><\/div><h3 class=\"uagb-heading-text\">Consultation gratuite ? 0762568454<\/h3><\/div>\n<\/div><\/div>\n","protected":false},"excerpt":{"rendered":"<p>Services Web Dynamiques Notre Expertise D\u00e9couvrez nos solutions compl\u00e8tes pour optimiser votre pr\u00e9sence en ligne. Chaque service est con\u00e7u pour r\u00e9pondre aux besoins sp\u00e9cifiques de nos clients. Services Offerts par Louerunsiteweb Explorez notre gamme vari\u00e9e de services. Con\u00e7us pour am\u00e9liorer votre succ\u00e8s en ligne.<\/p>\n","protected":false},"author":1,"featured_media":0,"parent":0,"menu_order":0,"comment_status":"closed","ping_status":"closed","template":"","meta":{"_uag_custom_page_level_css":"","site-sidebar-layout":"default","site-content-layout":"","ast-site-content-layout":"default","site-content-style":"default","site-sidebar-style":"default","ast-global-header-display":"","ast-banner-title-visibility":"","ast-main-header-display":"","ast-hfb-above-header-display":"","ast-hfb-below-header-display":"","ast-hfb-mobile-header-display":"","site-post-title":"disabled","ast-breadcrumbs-content":"","ast-featured-img":"","footer-sml-layout":"","theme-transparent-header-meta":"enabled","adv-header-id-meta":"","stick-header-meta":"","header-above-stick-meta":"","header-main-stick-meta":"","header-below-stick-meta":"","astra-migrate-meta-layouts":"set","ast-page-background-enabled":"default","ast-page-background-meta":{"desktop":{"background-color":"var(--ast-global-color-4)","background-image":"","background-repeat":"repeat","background-position":"center center","background-size":"auto","background-attachment":"scroll","background-type":"","background-media":"","overlay-type":"","overlay-color":"","overlay-opacity":"","overlay-gradient":""},"tablet":{"background-color":"","background-image":"","background-repeat":"repeat","background-position":"center center","background-size":"auto","background-attachment":"scroll","background-type":"","background-media":"","overlay-type":"","overlay-color":"","overlay-opacity":"","overlay-gradient":""},"mobile":{"background-color":"","background-image":"","background-repeat":"repeat","background-position":"center center","background-size":"auto","background-attachment":"scroll","background-type":"","background-media":"","overlay-type":"","overlay-color":"","overlay-opacity":"","overlay-gradient":""}},"ast-content-background-meta":{"desktop":{"background-color":"var(--ast-global-color-5)","background-image":"","background-repeat":"repeat","background-position":"center center","background-size":"auto","background-attachment":"scroll","background-type":"","background-media":"","overlay-type":"","overlay-color":"","overlay-opacity":"","overlay-gradient":""},"tablet":{"background-color":"var(--ast-global-color-5)","background-image":"","background-repeat":"repeat","background-position":"center center","background-size":"auto","background-attachment":"scroll","background-type":"","background-media":"","overlay-type":"","overlay-color":"","overlay-opacity":"","overlay-gradient":""},"mobile":{"background-color":"var(--ast-global-color-5)","background-image":"","background-repeat":"repeat","background-position":"center center","background-size":"auto","background-attachment":"scroll","background-type":"","background-media":"","overlay-type":"","overlay-color":"","overlay-opacity":"","overlay-gradient":""}},"footnotes":""},"class_list":["post-23","page","type-page","status-publish","hentry"],"uagb_featured_image_src":{"full":false,"thumbnail":false,"medium":false,"medium_large":false,"large":false,"1536x1536":false,"2048x2048":false},"uagb_author_info":{"display_name":"admin","author_link":"https:\/\/sultimax.fr\/louerunsiteweb\/author\/admin\/"},"uagb_comment_info":0,"uagb_excerpt":"Services Web Dynamiques Notre Expertise D\u00e9couvrez nos solutions compl\u00e8tes pour optimiser votre pr\u00e9sence en ligne. Chaque service est con\u00e7u pour r\u00e9pondre aux besoins sp\u00e9cifiques de nos clients. Services Offerts par Louerunsiteweb Explorez notre gamme vari\u00e9e de services. Con\u00e7us pour am\u00e9liorer votre succ\u00e8s en ligne.","_links":{"self":[{"href":"https:\/\/sultimax.fr\/louerunsiteweb\/wp-json\/wp\/v2\/pages\/23","targetHints":{"allow":["GET"]}}],"collection":[{"href":"https:\/\/sultimax.fr\/louerunsiteweb\/wp-json\/wp\/v2\/pages"}],"about":[{"href":"https:\/\/sultimax.fr\/louerunsiteweb\/wp-json\/wp\/v2\/types\/page"}],"author":[{"embeddable":true,"href":"https:\/\/sultimax.fr\/louerunsiteweb\/wp-json\/wp\/v2\/users\/1"}],"replies":[{"embeddable":true,"href":"https:\/\/sultimax.fr\/louerunsiteweb\/wp-json\/wp\/v2\/comments?post=23"}],"version-history":[{"count":2,"href":"https:\/\/sultimax.fr\/louerunsiteweb\/wp-json\/wp\/v2\/pages\/23\/revisions"}],"predecessor-version":[{"id":770,"href":"https:\/\/sultimax.fr\/louerunsiteweb\/wp-json\/wp\/v2\/pages\/23\/revisions\/770"}],"wp:attachment":[{"href":"https:\/\/sultimax.fr\/louerunsiteweb\/wp-json\/wp\/v2\/media?parent=23"}],"curies":[{"name":"wp","href":"https:\/\/api.w.org\/{rel}","templated":true}]}}